s -1420 - 11?
-1431
In base 4, what is 12103 + 3?
12112
In base 13, what is -16 - 24?
-3a
In base 6, what is -5 + -105?
-114
In base 10, what is -61 + -1?
-62
In base 10, what is 10 + -609?
-599
In base 12, what is -b - 31b?
-32a
In base 7, what is 3 - -2160?
2163
In base 9, what is 13 - 131?
-117
In base 5, what is 3 + -42?
-34
In base 3, what is -2 + 2112100?
2112021
In base 14, what is 3 + 1d8?
1db
In base 15, what is 8 - 16?
-d
In base 4, what is 323 - 12?
311
In base 11, what is 4 - 3a27?
-3a23
In base 9, what is -2507 + -2?
-2510
In base 13, what is 74 - -11?
85
In base 9, what is -3423 + 5?
-3417
In base 8, what is 3 - 104?
-101
In base 12, what is -5 - -b68?
b63
In base 12, what is 4 + -2a6?
-2a2
In base 9, what is -237 + 5?
-232
In base 2, what is 1100100 + 1?
1100101
In base 14, what is -49 + -11?
-5a
In base 9, what is -12 - -41?
28
In base 11, what is -77 - 10?
-87
In base 12, what is 2176 - 5?
2171
In base 9, what is 6 + 401?
407
In base 5, what is 44034 + 0?
44034
In base 12, what is 20 + -1b?
1
In base 5, what is 3 - 2423?
-2420
In base 6, what is 2 + 10?
12
In base 7, what is 6345 + -3?
6342
In base 5, what is 10 + 3023?
3033
In base 11, what is -3a4 - -31?
-373
In base 10, what is 190 + -4?
186
In base 12, what is 5 - a07?
-a02
In base 14, what is -22c - 1?
-22d
In base 14, what is 290 + 3?
293
In base 9, what is 816 - -4?
821
In base 15, what is 396 - -1?
397
In base 12, what is -4 + 11?
9
In base 15, what is 2 + 64?
66
In base 7, what is -1 + -441?
-442
In base 9, what is -32 - -60?
27
In base 12, what is -492 - 1?
-493
In base 6, what is 10552 + -1?
10551
In base 2, what is 11011101110 + 1?
11011101111
In base 14, what is 4 - 2c4?
-2c0
In base 4, what is -1 - 13?
-20
In base 2, what is 101 - -10100010?
10100111
In base 4, what is 22 + 130110?
130132
In base 10, what is -701 - 5?
-706
In base 15, what is d19 + -1?
d18
In base 13, what is 9a + 5?
a2
In base 9, what is 177 - -17?
205
In base 8, what is -165 - -3?
-162
In base 11, what is 11 + 13?
24
In base 14, what is -1 + 726?
725
In base 3, what is -12 - 2211110?
-2211122
In base 7, what is 6 + -1506?
-1500
In base 6, what is -155 + 2?
-153
In base 10, what is 1284 + 5?
1289
In base 9, what is 56 + 0?
56
In base 12, what is -57 - -19?
-3a
In base 9, what is -21 - 11?
-32
In base 9, what is -4 + -456?
-461
In base 2, what is -1010 + 101100?
100010
In base 11, what is 1 + -86?
-85
In base 16, what is -1 - -5d?
5c
In base 3, what is -1 + 122110?
122102
In base 12, what is -16 - -2?
-14
In base 6, what is -333 + -5?
-342
In base 4, what is -1 - 223?
-230
In base 12, what is 48b - 3?
488
In base 12, what is -190 + -4?
-194
In base 4, what is 12 + 331?
1003
In base 11, what is -5 - -273?
269
In base 13, what is -2 + 84b?
849
In base 16, what is -c + -f?
-1b
In base 14, what is -1a6 + 17?
-18d
In base 2, what is -11011011100 + -10?
-11011011110
In base 14, what is -6b + d?
-5c
In base 3, what is 1002122 - -10?
1002202
In base 9, what is 10 + -16?
-6
In base 3, what is 2 - 12021211?
-12021202
In base 3, what is 12 - -12110?
12122
In base 5, what is -3 + -1041?
-1044
In base 13, what is 11 - -1?
12
In base 3, what is -1012 + -2120?
-10202
In base 2, what is 1101001100 + -10101?
1100110111
In base 5, what is -1244 - 4?
-1303
In base 9, what is 447 + -4?
443
In base 3, what is 0 - 11022?
-11022
In base 3, what is -201 - 200212?
-201120
In base 10, what is -5 - 16?
-21
In base 4, what is 11 + -11110?
-11033
In base 13, what is -13 - 1bc?
-202
In base 2, what is 100 + 110011?
110111
In base 10, what is 3 + -26?
-23
In base 16, what is 1 + -34?
-33
In base 7, what is 11 - 2434?
-2423
In base 11, what is 65 - 11a?
-65
In base 10, what is -7 + 56?
49
In base 7, what is -5 + -6?
-14
In base 12, what is 10 - -77?
87
In base 10, what is -2 - 1602?
-1604
In base 13, what is -109 + -2?
-10b
In base 5, what is 1134 + -4?
1130
In base 12, what is 324a - 4?
3246
In base 13, what is 94 - 7?
8a
In base 4, what is -11 - 123?
-200
In base 5, what is -2404 + 3?
-2401
In base 15, what is -1e + 19?
-5
In base 8, what is 10 + -11?
-1
In base 13, what is 1 + -68?
-67
In base 13, what is 1a + -1a6?
-189
In base 14, what is -2 + 1290?
128c
In base 4, what is -102 + -200?
-302
In base 7, what is -21 + -4?
-25
In base 6, what is -4 + 114?
110
In base 2, what is -110100001 - -101?
-110011100
In base 4, what is 31 + -201?
-110
In base 4, what is 3 + 13?
22
In base 5, what is -2 + -3433?
-3440
In base 7, what is -252 + 3?
-246
In base 3, what is -1120 - -11220?
10100
In base 15, what is 3 - 78?
-75
In base 7, what is -543 + -23?
-566
In base 13, what is 39 - -1?
3a
In base 11, what is 2561 - 0?
2561
In base 5, what is 321 + -40?
231
In base 6, what is 3545 + -4?
3541
In base 3, what is -1 + 2020?
2012
In base 16, what is -68 - c?
-74
In base 11, what is -3393 - -3?
-3390
In base 10, what is 90 + -4?
86
In base 3, what is -12001 + -10?
-12011
In base 13, what is b9 - 0?
b9
In base 9, what is 68 - -5?
74
In base 7, what is 1 + -213?
-212
In base 4, what is 100 + 22?
122
In base 12, what is 22b - 3?
228
In base 5, what is 3 + -130?
-122
In base 16, what is -32 + -85?
-b7
In base 11, what is 188 + 1?
189
In base 7, what is -10345 + 4?
-10341
In base 13, what is 3 - c9?
-c6
In base 12, what is -2 - 18?
-1a
In base 4, what is 201201 + 11?
201212
In base 14, what is 2291 - 3?
228c
In base 15, what is -ea + -3?
-ed
In base 13, what is 4 + -b?
-7
In base 10, what is 62 + 68?
130
In base 6, what is -2354 - -2?
-2352
In base 3, what is -100220 + -12?
-101002
In base 2, what is -10 - -100010?
100000
In base 10, what is -4 - -2?
-2
In base 16, what is 0 - 58?
-58
In base 15, what is -3 + 2a?
27
In base 9, what is 15 - 55?
-40
In base 3, what is 1 - -220201?
220202
In base 3, what is 22102002 + 10?
22102012
In base 9, what is -2801 - -6?
-2784
In base 9, what is 3512 + 1?
3513
In base 2, what is -101001110 - 0?
-101001110
In base 8, what is -5 + -17?
-24
In base 9, what is 77 - -33?
121
In base 11, what is -a280 - -4?
-a277
In base 13, what is -1 - 73?
-74
In base 9, what is -510 - -3?
-506
In base 6, what is 3451 + -4?
3443
In base 12, what is 0 - 165?
-165
In base 12, what is -89 - -17?
-72
In base 16, what is 3 + de?
e1
In base 4, what is -32031 + -2?
-32033
In base 6, what is 4 + 105054?
105102
In base 6, what is 2100 - 1?
2055
In base 11, what is 173 + -1?
172
In base 2, what is 101110 - 11?
101011
In base 13, what is -1639 + 0?
-1639
In base 8, what is 106 - -3?
111
In base 8, what is -605 - 0?
-605
In base 3, what is -112 + -101?
-220
In base 3, what is 211 + -12?
122
In base 16, what is -3 + -1a?
-1d
In base 7, what is 1114 + -5?
1106
In base 16, what is 88e - 4?
88a
In base 6, what is -125 - 13?
-142
In base 13, what is 17b - -55?
203
In base 14, what is 3 - 865?
-862
In base 8, what is 1354 + -1?
1353
In base 6, what is 11 - -501?
512
In base 7, what is -1 + -103?
-104
In base 2, what is -101110 - 101011?
-1011001
In base 14, what is -ba + -2?
-bc
In base 10, what is -3 + 5?
2
In base 4, what is 203 - -1?
210
In base 10, what is -118 + -5?
-123
In base 7, what is 3 - -303?
306
In base 4, what is -1 - -1032?
1031
In base 3, what is -2021 + 1001?
-1020
In base 15, what is 20b8 + 4?
20bc
In base 5, what is -43433 + 4?
-43424
In base 13, what is 14 + -3b6?
-3a2
In base 14, what is 4 - -c5?
c9
In base 8, what is -151 - 5?
-156
In base 8, what is 77565 - 4?
77561
In base 6, what is -130 - 22?
-152
In base 15, what is 36 + 114?
14a
In base 4, what is -22 + -120?
-202
In base 9, what is 0 + -120?
-120
In base 2, what is 10100000 + -1?
10011111
In base 5, what is -3 + -430?
-433
In base 8, what is 3 + -545?
-542
In base 12, what is -5 - a2?
-a7
In base 16, what is 9d8 + 7?
9df
In base 16, what is 0 - 5c?
-5c
In base 3, what is 12021 - -1111?
20202
In base 10, what is 2199 - -5?
2204
In base 6, what is -1503 - -2?
-1501
In base 10, what is -1 + 1756?
1755
In base 2, what is -101 + 11001001?
11000100
In base 10, what is 2 - -1?
3
In base 12, what is 7 + -25a?
-253
In base 7, what is 0 + -1012?
-1012
In base 16, what is -4f8 + -4?
-4fc
In base 16, what is 1 + -277?
-276
In base 8, what is 3 - 167?
-164
In base 10, what is 7 + 21?
28
In base 9, what is -120 + 5?
-114
In base 8, what is 5 + -233?
-226
In base 10, what is -5 +